ulate the remainder when 8476 is divided by 806.
416
What is the remainder when 1097 is divided by 215?
22
Calculate the remainder when 5297 is divided by 755.
12
What is the remainder when 3113 is divided by 7?
5
Calculate the remainder when 288546 is divided by 72136.
2
Calculate the remainder when 71852 is divided by 126.
32
Calculate the remainder when 8175 is divided by 94.
91
Calculate the remainder when 10074 is divided by 5.
4
Calculate the remainder when 58912 is divided by 3268.
88
Calculate the remainder when 6069 is divided by 763.
728
Calculate the remainder when 50564 is divided by 655.
129
What is the remainder when 1044 is divided by 624?
420
What is the remainder when 39265 is divided by 51?
46
What is the remainder when 1371719 is divided by 60?
59
What is the remainder when 19993 is divided by 19992?
1
Calculate the remainder when 3083 is divided by 14.
3
What is the remainder when 932 is divided by 17?
14
Calculate the remainder when 15334 is divided by 1390.
44
What is the remainder when 4958 is divided by 10?
8
What is the remainder when 118811 is divided by 445?
441
What is the remainder when 4943 is divided by 4826?
117
Calculate the remainder when 83644 is divided by 225.
169
What is the remainder when 8649 is divided by 489?
336
What is the remainder when 5557 is divided by 723?
496
What is the remainder when 281779 is divided by 70444?
3
Calculate the remainder when 166145 is divided by 456.
161
What is the remainder when 1647 is divided by 1090?
557
What is the remainder when 9809 is divided by 18?
17
What is the remainder when 189695 is divided by 247?
246
What is the remainder when 245756 is divided by 61433?
24
What is the remainder when 4066 is divided by 126?
34
What is the remainder when 787826 is divided by 3581?
6
Calculate the remainder when 145583 is divided by 36394.
7
What is the remainder when 10817 is divided by 100?
17
Calculate the remainder when 611 is divided by 35.
16
What is the remainder when 13429 is divided by 6?
1
Calculate the remainder when 11408879 is divided by 35.
34
Calculate the remainder when 22786 is divided by 1035.
16
Calculate the remainder when 11576 is divided by 1441.
48
What is the remainder when 250013 is divided by 400?
13
What is the remainder when 5505 is divided by 860?
345
What is the remainder when 77 is divided by 52?
25
What is the remainder when 3865 is divided by 870?
385
What is the remainder when 4950 is divided by 1233?
18
Calculate the remainder when 3165 is divided by 76.
49
Calculate the remainder when 1245 is divided by 16.
13
What is the remainder when 249919 is divided by 13?
7
What is the remainder when 791485 is divided by 2105?
5
What is the remainder when 468 is divided by 148?
24
Calculate the remainder when 3364 is divided by 101.
31
What is the remainder when 1456 is divided by 1091?
365
What is the remainder when 4547 is divided by 97?
85
What is the remainder when 263379 is divided by 131686?
7
Calculate the remainder when 646892 is divided by 3110.
12
Calculate the remainder when 5650 is divided by 645.
490
What is the remainder when 39566 is divided by 9853?
154
What is the remainder when 68387 is divided by 70?
67
What is the remainder when 1023658 is divided by 235?
233
What is the remainder when 20278 is divided by 6755?
13
What is the remainder when 1478 is divided by 19?
15
What is the remainder when 1235 is divided by 112?
3
What is the remainder when 773836 is divided by 683?
680
What is the remainder when 16901 is divided by 18?
17
What is the remainder when 1045 is divided by 84?
37
Calculate the remainder when 1558 is divided by 223.
220
What is the remainder when 733570 is divided by 492?
490
What is the remainder when 1233 is divided by 363?
144
Calculate the remainder when 83379 is divided by 114.
45
Calculate the remainder when 3371 is divided by 556.
35
What is the remainder when 601 is divided by 39?
16
Calculate the remainder when 13583 is divided by 124.
67
What is the remainder when 50928 is divided by 37?
16
Calculate the remainder when 1340 is divided by 319.
64
What is the remainder when 90089 is divided by 90058?
31
Calculate the remainder when 3069 is divided by 588.
129
What is the remainder when 1314 is divided by 525?
264
What is the remainder when 25793 is divided by 77?
75
What is the remainder when 1586 is divided by 1081?
505
What is the remainder when 1218 is divided by 127?
75
Calculate the remainder when 193537 is divided by 301.
295
Calculate the remainder when 6563 is divided by 14.
11
Calculate the remainder when 101508 is divided by 82.
74
What is the remainder when 441501 is divided by 7358?
21
Calculate the remainder when 12308 is divided by 16.
4
What is the remainder when 1174 is divided by 191?
28
What is the remainder when 7502 is divided by 125?
2
Calculate the remainder when 261741 is divided by 456.
453
Calculate the remainder when 27757 is divided by 2517.
70
Calculate the remainder when 10551 is divided by 5270.
11
Calculate the remainder when 40163 is divided by 68.
43
Calculate the remainder when 4574 is divided by 802.
564
Calculate the remainder when 880 is divided by 299.
282
What is the remainder when 13589 is divided by 28?
9
What is the remainder when 1036 is divided by 342?
10
What is the remainder when 92182 is divided by 70?
62
What is the remainder when 2202 is divided by 33?
24
What is the remainder when 208745 is divided by 1711?
3
Calculate the remainder when 71980 is divided by 33.
7
Calculate the remainder when 49865 is divided by 7.
4
What is the remainder when 407225 is divided by 130?
65
Calculate the remainder when 199016 is divided by 372.
368
Calculate the remainder when 1919 is divided by 254.
141
What is the remainder when 96833 is divided by 188?
13
What is the remainder when 6171 is divided by 46?
7
What is the remainder when 8004 is divided by 33?
18
Calculate the remainder when 4499639 is divided by 174.
173
Calculate the remainder when 4045 is divided by 49.
27
What is the remainder when 111139 is divided by 122?
119
What is the remainder when 35001 is divided by 27?
9
Calculate the remainder when 83579 is divided by 210.
209
Calculate the remainder when 498228 is divided by 1736.
1732
Calculate the remainder when 76729 is divided by 406.
401
What is the remainder when 3637 is divided by 898?
45
What is the remainder when 1090 is divided by 358?
16
Calculate the remainder when 7701 is divided by 241.
230
Calculate the remainder when 1816 is divided by 1800.
16
What is the remainder when 1728 is divided by 142?
24
Calculate the remainder when 107064 is divided by 60.
24
What is the remainder when 1461765 is divided by 452?
449
What is the remainder when 351 is divided by 72?
63
Calculate the remainder when 617525 is divided by 205837.
14
What is the remainder when 478 is divided by 229?
20
Calculate the remainder when 350052 is divided by 38.
34
What is the remainder when 5881672 is divided by 53?
50
What is the remainder when 3154 is divided by 873?
535
What is the remainder when 819807 is divided by 187?
186
Calculate the remainder when 42585 is divided by 507.
504
Calculate the remainder when 3672 is divided by 164.
64
What is the remainder when 3755 is divided by 114?
107
What is the remainder when 2777144 is divided by 37?
35
What is the remainder when 254 is divided by 73?
35
Calculate the remainder when 14317 is divided by 7144.
29
Calculate the remainder when 3753 is divided by 122.
93
What is the remainder when 799 is divided by 26?
19
Calculate the remainder when 25342 is divided by 313.
302
Calculate the remainder when 622600 is divided by 1428.
1420
Calculate the remainder when 10208 is divided by 10193.
15
Calculate the remainder when 12271 is divided by 8.
7
What is the remainder when 1824 is divided by 148?
48
Calculate the remainder when 31919 is divided by 2452.
43
Calculate the remainder when 1124 is divided by 23.
20
Calculate the remainder when 2894594 is divided by 14.
10
What is the remainder when 19264 is divided by 38?
36
What is the remainder when 6561 is divided by 1273?
196
What is the remainder when 2547345 is divided by 68?
65
Calculate the remainder when 89276 is divided by 14.
12
What is the remainder when 5784832 is divided by 19?
16